 -3))
-78
3 + -7 + -16 - (-21 - -10 - 1)
-8
What is the value of 6 + -18 + 98 + -78?
8
Evaluate -9 + -2 + 83 + -9 + 5 - (0 + 2).
66
What is (1 + -34 - (-689 - -655)) + 26?
27
Calculate (-31 - -7) + (170 - 140) - -57.
63
4 - (-51 - -38 - (-3 - -2))
16
-63 - (63 + (-312 - -122))
64
What is -49 + 106 + (-19 - -12)?
50
What is the value of 32 - (-1 - (0 - (-8 + 11 + -5)))?
35
Calculate 32 + 1 + 4377 + -4444.
-34
Evaluate 24 - ((-20 + 28 - -11) + 65).
-60
What is -7 + 6 + -215 + 284?
68
Evaluate 32 - 10 - (-25 - -3 - (152 - 39)).
157
What is the value of 19 + -8 + (20 - 23) + -10?
-2
Calculate (149 - 44 - 19) + -8.
78
-10 + 10 + -17 - (5 - 17) - 15
-20
What is the value of -40 + 38 - (-43 - -1) - ((16 - 9) + 0)?
33
Evaluate (2 + 6 + -1 - -1) + -28 + 12 + 22.
14
What is (-8 - (0 + 3)) + (7 - -1 - 13)?
-16
Evaluate 78 + -17 + -11 - (24 + 12).
14
-9 - ((-3 - 24) + 10 - 42)
50
Evaluate -11 - (-48 - (-3 + 9 + -15 + 3)).
31
What is the value of 43 + -2 + -83 - -71?
29
(20 - (74 + 0) - -18 - -16) + 17
-3
74 - 0 - (-12278 - -12446)
-94
Calculate (15 - 26 - (4 + -116 + -9 - -2)) + 5.
113
Calculate 22 - ((-20 - 0) + 140 + -75).
-23
What is -13544 - -13561 - (-93 + 1)?
109
Calculate 92 - (84 + -111 + 108).
11
30 + (-21 - 44) + -5
-40
(23 - (-68 + -57)) + (-11 - 21)
116
Calculate -60 + 63 - (23 - 1) - 19.
-38
What is (11 - -2) + (1 - -18) + -2?
30
-19 + 2 - (-25 - (21 + -44) - -2)
-17
Evaluate (-50 - (15 + -11)) + 52.
-2
-1514 + 1605 + (4 + 0 - (-6 + 1))
100
What is 5 + (-4 - 3) - (25 + -13)?
-14
What is -24 + -17 - -49 - 42?
-34
Evaluate -6 + 2 + (3 - 4) - (-3 - -38).
-40
16 + (0 + 40 - (-7 - 3)) + 13 - 16
63
11 + -9 + 7 - (-29 + (-8 - -5))
41
What is the value of 19 + 15 + (-8 - 5) + -76?
-55
Calculate -427 + 425 - (85 - 1) - -29.
-57
Calculate (1741 - 1790) + (28 - (0 + 0)).
-21
Evaluate 6 + -2 - (381 - 391).
14
What is 49 - ((39 - -24) + -17)?
3
Evaluate -13 + (15 - (35 + (-4 - -18))) - (5 - -1).
-53
What is the value of 68 - (-12 + (33 - (6 - -56)))?
109
What is the value of 49 + -129 + -80 + 68?
-92
Evaluate (-2 - 10) + (-1353 - -1369).
4
Calculate 28 + -52 + 56 - -6.
38
What is -1 + -50 + (-63 - -39) + 11?
-64
Evaluate -57 + (13 - 19) - (-15 + 5).
-53
Evaluate -6 + -1 - (51 + -47) - -71.
60
Calculate 22 + 8 + -31 + -13 - -50.
36
Calculate (16 - 17) + (-14 - -9) + 26.
20
Calculate 109 - ((-116 - -127) + 133).
-35
What is 29 + -22 - (-35 - (-8 + (23 - 5)))?
52
What is the value of (-14 - (12 - -35)) + -10 + 2 + 18?
-51
What is 2 + 2 + 18 - (-49 + -17 + 74)?
14
-147 - (63 + -59 + -41)
-110
-90 + -3 + 53 + (-11 - -3 - -2)
-46
Calculate 1 + 2 + (-110 + 114 - (-1 - 1)) + 8.
17
What is -9 + (5 - 15) - (-30 - -64)?
-53
Evaluate (-45 - 1) + 2258 + -2259.
-47
Calculate 154 + -13 - (129 - -5).
7
(95 - 4) + 7 + (-6 - (7 + 9 + -18))
94
(-66 - (-36 + -114)) + -53
31
Evaluate 14 + 20 - (2 - (7 + -15 + -9)).
15
Calculate -44 - (5 + 7 + -8 + -9 - -8).
-47
What is the value of 9 + (30 - (38 + 10)) - 14?
-23
Calculate (93 - 29) + 6 + 12 + -15 + 1.
68
Calculate -24 + (0 - -4) + (3 + 2 - -3).
-12
What is (11 - 3) + -1 + (-8 - (-12 + (33 - -1)))?
-23
2 + -10 + (11 + -6 - -6) - 9
-6
What is the value of -1 - (-16 + -2) - ((-23 - -7) + 20 + -14)?
27
Evaluate -11 - (145 - 76) - -130.
50
Calculate -35 - (-11 - ((10 - -2) + -4)).
-16
Calculate (191 - 237) + (-2 - 0 - -9).
-39
(8 - (-10 - -7)) + -68 + 4 + 1 + -6
-58
-456 + 457 - (1 - 5) - -35
40
Calculate 26 + -121 + 2 + 55.
-38
Evaluate -6 + (-9 - -20 - 10) - -11 - (33 - 2).
-25
What is -71 + (-15 + 41 - ((2 - -13) + -6))?
-54
Calculate (4 - (9 - 14) - -3) + (20 - -10).
42
What is the value of -19 - 3 - (7 + (5 - 8)) - (-107 + 111)?
-30
(5 - (-2 + 4)) + (87 - 97 - (-3 - -2))
-6
What is the value of -89 - -77 - (-2 - (-19 + -1))?
-30
What is the value of (24 - 0) + (90 - (-44 - -114))?
44
Calculate (-38 - -46) + (1 - -2) + -17.
-6
-24 + (-29 + 86 - 32)
1
What is 4551 + -4550 - (0 + 26 - 2)?
-23
Calculate -11 - (144 + -153) - (0 + -19).
17
Calculate 41 + -2 + (-57 - 67).
-85
Evaluate -20 + (-62 - (18 - -3)) + (10 - 1).
-94
Calculate -217 - -208 - (14 - 40).
17
What is the value of (-504 - -514) + 2 + (89 - (0 - 1))?
102
What is -5 + 5 + -94 + -1892 + 1907?
-79
What is the value of -47 + 49 + (65 - 29) + -27?
11
10 + (183 + -165 - ((-1 - -2) + 3))
24
Evaluate (-11 - ((17 - 34) + 14 + 3)) + -1 + 3.
-9
5 + 0 + 5024 + -5000
29
Evaluate 13 + (1 - 1) + -10826 + 10823.
10
17 + -29 + 12 + 0 + -2 + (-1 - 13)
-16
What is 218 + -206 + 30 - (4 - 0)?
38
What is the value of -2 + 7 - (-14 + 15 + 10) - (-2 - -26)?
-30
Calculate 1 - -5 - (-10 - (-91 + -8 + (11 - -10))).
-62
Evaluate -23 + 9 + 12 + 3 + 4 + 7 + 3.
15
Calculate (2 - -66) + 17 + (-15 - (36 - 43)).
77
Calculate -243 - -234 - (-8 - (-4 + 1 + 0)).
-4
What is the value of -2 + 0 + 5 + 0 - (100 + 76 - 131)?
-42
What is the value of 12 + (-13 - (-3 + -48))?
50
Calculate (-3 - -1) + (21 - 35 - (-17 - 3)).
4
4 - 41 - (111 - 74 - 71)
-3
What is -3 + 13 + 207 + -191?
26
What is the value of -4 + 14 - (165 + (-11 - (-16 - -6 - -4)))?
-150
Evaluate -95 + 55 - -38 - (18 - -1).
-21
What is (5 - 20) + 6 - (-33 + 27 - 12)?
9
What is the value of -63 - (-46 - -29) - 1?
-47
What is (-50 - (6 + 10) - -14) + -21 + 12?
-61
What is the value of 553 + -1065 + 393 - (0 + 0 - -3)?
-122
26 - -11 - (-12 - (18 + -11))
56
-89 + (56 - -56) - (21 + 0)
2
Evaluate (-20 - -21) + -15 + 39 + -1.
24
What is -20 + 63 + -43 - (0 + 0 - -3 - 44)?
41
What is the value of (7 + (-27 - -14) - -12) + -19 + 6?
-7
What is the value of (103 - 56) + 9 + -6 + -15 - 14?
21
Evaluate (-12 - -3) + -13 + -2 + 12.
-12
What is 32 + -3 + 4 + -2 + 20 + -34 + 8?
25
(-12 - 46) + -10 + 48 + -25
-45
What is the value of 66 + (-4 - 3) + -3 - 10?
46
Calculate -37 - (-68 + 22 - -73).
-64
What is (-8 - 0 - (15 - 27)) + (-9 - -3) + -68?
-70
Evaluate -2 + 55 + -39 - (4 - -2).
8
4 + -8 + -10 + 4 - 2
-12
Evaluate (1 - 2) + (8 + -2 - (17 + (-28 - -8))).
8
-9 - (-17 + (-5 + 13 + -3 - -4))
-1
-14 - (-701 + 724 + 0 + 1)
-38
Evaluate 14 + -25 - (-5 + 30) - 26.
-62
What is (-1 - 6) + (-105 + 62 - -61)?
11
What is the value of -89 - (11 - 10 - (1 - -1) - (251 - 244))?
-81
-2 + 15 + -91 + 149
71
Evaluate (-1 - -12) + (19 + -53 + 29 - 2).
4
What is -16 - -2 - ((-25 - -3) + -49 + 67)?
-10
Calculate 35 + 51 + -195 - (3 + -5 + -6).
-101
Calculate -10 + ((5 - 18) + -15 - -32).
-6
Calculate -17 + -134 + 103 + (-1 + -2 - 2).
-53
What is 20 + -7 + -4 + 10 + -10 + (55 - 3)?
61
-21 - (-49 + 48 - 27)
7
Calculate (39 - -72) + -78 - -37.
70
Calculate (-1 - (-1 - 2)) + 12 + -6 + 15.
23
What is 6 - (-3 - (3 - 3 - -8 - (-5 + 98)))?
-76
Calculate -36 + 68 + -31 - (-6 + 1 + 22).
-16
Evaluate (0 - -5) + (15 + -32 - -15 - -1) + 84.
88
1 + -7 + 3 + 2 - (146 - (-147 + 243))
-51
Calculate (-1748 - -1728) + (1 - 0) + -51.
-70
What is 859 + -831 - (-3 + 3 + -17)?
45
What is -92 + 123 + (-12 - -14)?
33
Evaluate (5234 - 5483) + (121 - 5).
-133
What is -1 - (-17 - ((-11 - 12) + 23))?
16
What is the value of (13 - (-9 + (-5 - -3) + 51)) + 0?
-27
Calculate -85 + (-45 - -60) - -43.
-27
-2 + -3 + 2 - 1 - (-12435 + 12441)
-10
Calculate (-7 - -39) + 2 - 13.
21
What is the value of -39 + 28 + 19 + -2 + -8?
-2
What is -85 + (28 - -17) + -8?
-48
What is the value of (-41 - -70) + -4 - 18?
7
What is 144 + -182 - (-11 + 2)?
-29
(-47 - (-25 - -19 - (-1 + -1))) + (-22 - -31)
-34
What is 8 + -8 + 8 + (-26 - -2) + 58?
42
-10 + (-8 - ((3 - 2) + 1 - (164 - 151)))
-7
Calculate 48 + -12 + (-70 - -41) + -27.
-20
78 - (-1 + -7 + -2 + (721 - 713))
80
What is -32 - -28 - 38 - -38?
-4
Calculate -34 - -55 - 7 - -11.
25
What is the value of 4 + (-1 - 37) + 6 + -1 + 3 + 8?
-18
Evaluate 53 + 11 + -1 + (-11 + 37 - 46).
43
(-73 + -11 - -93) + -24
-15
What is the value of 8 + (-30 - -46) + -89 + -6?
-71
Evaluate (-1 - 1) + (811 - 828) - (0 - -4).
-23
Calculate -65 - 1 - (2 + (-6 + -5 - -24 - 6)).
-75
What is the value of 0 - 1 - -12 - (-190 + 100 + 79)?
22
Calculate -75 - (-30 - (73 - 58)).
-30
What is -11 - (17 + -26 - (8 + -9 + -5))?
-8
What is -58 + -8 + (34 - 0) + -6?
-38
10 + (-2 - 53) - -92
47
-4 - (8 + -15 + (1 - -129) + (28 - 27))
-128
What is 11 - (-1 - -6 - (-15 + 22 + -1))?
12
Evaluate 23 - (11 + (22 - 4)) - (62 + 5 - -1).
-74
What is 11 - 8 - (230 - 194)?
-33
Calculate (292 - 300) + (-1 - -2).
-7
53 + (-